{"id":475,"date":"2024-11-28T11:01:43","date_gmt":"2024-11-28T11:01:43","guid":{"rendered":"https:\/\/reinhards-gitarren.at\/?page_id=475"},"modified":"2024-11-28T12:42:19","modified_gmt":"2024-11-28T12:42:19","slug":"blumberger-1-cut-birke-datenblatt","status":"publish","type":"page","link":"https:\/\/reinhards-gitarren.at\/?page_id=475","title":{"rendered":"Blumberger 1\u2013Cut Birke Datenblatt"},"content":{"rendered":"\n<div class=\"wp-block-columns is-style-default reinhard_detail_table is-layout-flex wp-container-core-columns-is-layout-e0e4babd wp-block-columns-is-layout-flex\" style=\"padding-right:0;padding-left:0\">\n<div class=\"wp-block-column is-layout-flow wp-block-column-is-layout-flow\" style=\"flex-basis:50%\">\n<p><strong>Name:<\/strong>&nbsp;1\u2013Cut Birke<br><strong>Hersteller:<\/strong>&nbsp;Reinhard Blumberger<br><strong>Eigent\u00fcmer:<\/strong>&nbsp;Heimo Trixner<br><strong>Preis:<\/strong>&nbsp;\u20ac 2.200,\u2013\u2013 (inkl. 20% MwSt.)<\/p>\n\n\n\n<p>lizensierter, einteiliger Hals aus amerikanischem Ahorn (Acer saccharum), Walnu\u00dfstreifen (Juglans regia) <br>r\u00fcckseitig Mensur 647,70 mm (25.50&#8243;)<br>Halsprofil C, 1.Bund 21,84 mm (0.860&#8243;), 12.Bund 22,61 mm (0.890\u201c)<\/p>\n\n\n\n<p>seidenmatte Polyurethan\u2013Lackierung, Griffbrettradius 9.50&#8243;, schwarze, runde Griffbretteinlagen und Griffbrettkantenmarkierungen<br>Zweiweghalsstab, Innensechskantmutter, kopfplattenseitig einstellbar<br>Sattel aus Micarta, Griffbrettbreite am Sattel 42,86 mm (1\u201311\/16&#8243;)<br>6 Gotoh SGE\u201305 Mechaniken mit ovalen Metallfl\u00fcgeln, verchromt<br>1 Saitenniederhalter mit Rollen, verchromt<br>22 Dunlop Accu\u2013Fret 6230 B\u00fcnde<\/p>\n<\/div>\n\n\n\n<div class=\"wp-block-column is-layout-flow wp-block-column-is-layout-flow\">\n<figure class=\"wp-block-image size-full\"><img loading=\"lazy\" decoding=\"async\" width=\"350\" height=\"225\" src=\"https:\/\/reinhards-gitarren.at\/wp-content\/uploads\/2024\/11\/Blumberger-1Cut_Birke.jpg\" alt=\"\" class=\"wp-image-171\" srcset=\"https:\/\/reinhards-gitarren.at\/wp-content\/uploads\/2024\/11\/Blumberger-1Cut_Birke.jpg 350w, https:\/\/reinhards-gitarren.at\/wp-content\/uploads\/2024\/11\/Blumberger-1Cut_Birke-300x193.jpg 300w\" sizes=\"auto, (max-width: 350px) 100vw, 350px\" \/><\/figure>\n<\/div>\n<\/div>\n\n\n\n<p>Korpus aus &#8222;Waldviertler&#8220; Birke (Betula), 3\u2013teilig, Farbe Luna, Schellackfinish<br>verchromte Kluson &#8222;Vintage&#8220; Stahlbr\u00fccke, Saitenreiter aus Messing<br>Saitenabstand E \u2013 e 54,77 mm (2\u20135\/32&#8243;)<br>2 Andrew Mazurkiewicz Tonabnehmer, Polarit\u00e4t S\u00fcd + Nord, Alnico 3 Magnete<br>3 Weg AlphaTonabnehmerwahlschalter, schwarzer Knopf<br>2 250 kOhm CTS lineare Potentiometer<br>metrische Buchse mit Buchsentopf (im Korpus verschraubt), verchromt<br>1 lagige mattschwarze Schlagplatte mit 7 Schraubenl\u00f6chern<br>Kontrollplatte aus Stahlblech, verchromt<br>2 verchromte &#8222;Dome Speed&#8220; Regler<br>1 Kondensator 220 pF am Lautst\u00e4rkepotentiometer gegen H\u00f6henbed\u00e4mpfung<br>1 Kondensator 0,033 mF am Tonpotentiometer<\/p>\n\n\n\n<p>2 Security Locks Gurtkn\u00f6pfe, verchromt<br>4 Loch Halsbefestigungsplatte, Stahl verchromt<br>1 Halsplattenunterleger, Kunststoff schwarz<br>6 Saitenbuchsen, verchromt<\/p>\n\n\n\n<div class=\"wp-block-file\"><a id=\"wp-block-file--media-b06f169e-d844-42e2-8107-b091a8bd855e\" href=\"https:\/\/reinhards-gitarren.at\/wp-content\/uploads\/2024\/11\/datasheet_1-Cut_Birke_de.pdf\" target=\"_blank\" rel=\"noreferrer noopener\">Klicken zum Download als PDF &#8222;Datenblatt_1-Cut_Birke_de&#8220; (deutsch)<\/a><\/div>\n\n\n\n<div class=\"wp-block-file\"><a id=\"wp-block-file--media-6916cb7b-6157-4783-87f4-b2d1e5f1e109\" href=\"https:\/\/reinhards-gitarren.at\/wp-content\/uploads\/2024\/11\/datasheet_1-Cut_birch_en.pdf\" target=\"_blank\" rel=\"noreferrer noopener\">Klicken zum Download als PDF &#8222;Datenblatt_1-Cut_Birke_de&#8220; (english)<\/a><\/div>\n","protected":false},"excerpt":{"rendered":"<p>Name:&nbsp;1\u2013Cut BirkeHersteller:&nbsp;Reinhard BlumbergerEigent\u00fcmer:&nbsp;Heimo TrixnerPreis:&nbsp;\u20ac 2.200,\u2013\u2013 (inkl. 20% MwSt.) lizensierter, einteiliger Hals aus amerikanischem Ahorn (Acer saccharum), Walnu\u00dfstreifen (Juglans regia) r\u00fcckseitig Mensur 647,70 mm (25.50&#8243;)Halsprofil C, 1.Bund 21,84 mm (0.860&#8243;), 12.Bund 22,61 mm (0.890\u201c) seidenmatte Polyurethan\u2013Lackierung, Griffbrettradius 9.50&#8243;, schwarze, runde Griffbretteinlagen und GriffbrettkantenmarkierungenZweiweghalsstab, Innensechskantmutter, kopfplattenseitig einstellbarSattel aus Micarta, Griffbrettbreite am Sattel 42,86 mm (1\u201311\/16&#8243;)6 Gotoh SGE\u201305 [&hellip;]<\/p>\n","protected":false},"author":2,"featured_media":0,"parent":444,"menu_order":1,"comment_status":"closed","ping_status":"closed","template":"wp-custom-template-reinhard-detail-site","meta":{"footnotes":""},"class_list":["post-475","page","type-page","status-publish","hentry"],"_links":{"self":[{"href":"https:\/\/reinhards-gitarren.at\/index.php?rest_route=\/wp\/v2\/pages\/475","targetHints":{"allow":["GET"]}}],"collection":[{"href":"https:\/\/reinhards-gitarren.at\/index.php?rest_route=\/wp\/v2\/pages"}],"about":[{"href":"https:\/\/reinhards-gitarren.at\/index.php?rest_route=\/wp\/v2\/types\/page"}],"author":[{"embeddable":true,"href":"https:\/\/reinhards-gitarren.at\/index.php?rest_route=\/wp\/v2\/users\/2"}],"replies":[{"embeddable":true,"href":"https:\/\/reinhards-gitarren.at\/index.php?rest_route=%2Fwp%2Fv2%2Fcomments&post=475"}],"version-history":[{"count":0,"href":"https:\/\/reinhards-gitarren.at\/index.php?rest_route=\/wp\/v2\/pages\/475\/revisions"}],"up":[{"embeddable":true,"href":"https:\/\/reinhards-gitarren.at\/index.php?rest_route=\/wp\/v2\/pages\/444"}],"wp:attachment":[{"href":"https:\/\/reinhards-gitarren.at\/index.php?rest_route=%2Fwp%2Fv2%2Fmedia&parent=475"}],"curies":[{"name":"wp","href":"https:\/\/api.w.org\/{rel}","templated":true}]}}